{"id":2026,"date":"2024-04-03T15:32:22","date_gmt":"2024-04-03T19:32:22","guid":{"rendered":"https:\/\/postgrado.eco.una.py\/?page_id=2026"},"modified":"2025-04-23T18:23:26","modified_gmt":"2025-04-23T21:23:26","slug":"diplomados-5","status":"publish","type":"page","link":"https:\/\/postgrado.eco.una.py\/?page_id=2026","title":{"rendered":"DIPLOMADOS"},"content":{"rendered":"\n<div class=\"wp-block-uagb-container uagb-block-342e808c alignfull uagb-is-root-container\"><div class=\"uagb-container-inner-blocks-wrap\">\n<div class=\"wp-block-columns are-vertically-aligned-top is-layout-flex wp-container-core-columns-is-layout-1 wp-block-columns-is-layout-flex\">\n<div class=\"wp-block-column is-vertically-aligned-top is-layout-constrained wp-block-column-is-layout-constrained\" style=\"border-style:none;border-width:0px\">\n<div style=\"height:57px\" aria-hidden=\"true\" class=\"wp-block-spacer\"><\/div>\n\n\n\n<div class=\"wp-block-uagb-advanced-heading uagb-block-5a8fdcb4\"><h2 class=\"uagb-heading-text\"><strong>DIPLOMADOS<\/strong><\/h2><div class=\"uagb-separator\"><\/div><\/div>\n<\/div>\n\n\n\n<div class=\"wp-block-column is-vertically-aligned-top is-layout-flow wp-block-column-is-layout-flow\">\n<div class=\"wp-block-group is-nowrap is-layout-flex wp-container-core-group-is-layout-1 wp-block-group-is-layout-flex\">\n<div class=\"wp-block-uagb-image uagb-block-dbff3112 wp-block-uagb-image--layout-default wp-block-uagb-image--effect-zoomin wp-block-uagb-image--align-none\"><figure class=\"wp-block-uagb-image__figure\"><a class=\"\" href=\"https:\/\/postgrado.eco.una.py\/?page_id=2913\" target=\"_blank\" rel=\"noreferrer noopener\"><img decoding=\"async\" srcset=\"https:\/\/postgrado.eco.una.py\/wp-content\/uploads\/2024\/09\/DIPLOMADO-EN-REDACCION-CIENTIFICA.png ,https:\/\/postgrado.eco.una.py\/wp-content\/uploads\/2024\/09\/DIPLOMADO-EN-REDACCION-CIENTIFICA.png 780w, https:\/\/postgrado.eco.una.py\/wp-content\/uploads\/2024\/09\/DIPLOMADO-EN-REDACCION-CIENTIFICA.png 360w\" sizes=\"auto, (max-width: 480px) 150px\" src=\"https:\/\/postgrado.eco.una.py\/wp-content\/uploads\/2024\/09\/DIPLOMADO-EN-REDACCION-CIENTIFICA.png\" alt=\"\" class=\"uag-image-2614\" width=\"300\" height=\"150\" title=\"DIPLOMADO EN REDACCI\u00d3N CIENT\u00cdFICA\" loading=\"lazy\" role=\"img\"\/><\/a><\/figure><\/div>\n\n\n\n<div class=\"wp-block-uagb-image uagb-block-3628c8e1 wp-block-uagb-image--layout-default wp-block-uagb-image--effect-zoomin wp-block-uagb-image--align-none\"><figure class=\"wp-block-uagb-image__figure\"><a class=\"\" href=\"https:\/\/postgrado.eco.una.py\/?page_id=2917\" target=\"_blank\" rel=\"noreferrer noopener\"><img decoding=\"async\" srcset=\"https:\/\/postgrado.eco.una.py\/wp-content\/uploads\/2024\/09\/MIPYMES.png ,https:\/\/postgrado.eco.una.py\/wp-content\/uploads\/2024\/09\/MIPYMES.png 780w, https:\/\/postgrado.eco.una.py\/wp-content\/uploads\/2024\/09\/MIPYMES.png 360w\" sizes=\"auto, (max-width: 480px) 150px\" src=\"https:\/\/postgrado.eco.una.py\/wp-content\/uploads\/2024\/09\/MIPYMES.png\" alt=\"\" class=\"uag-image-2616\" width=\"300\" height=\"150\" title=\"DIPLOMADO EN PLANES DE NEGOCIOS-MIPYMES\" loading=\"lazy\" role=\"img\"\/><\/a><\/figure><\/div>\n<\/div>\n\n\n\n<div class=\"wp-block-group is-nowrap is-layout-flex wp-container-core-group-is-layout-2 wp-block-group-is-layout-flex\">\n<div class=\"wp-block-uagb-image uagb-block-56857e79 wp-block-uagb-image--layout-default wp-block-uagb-image--effect-zoomin wp-block-uagb-image--align-none\"><figure class=\"wp-block-uagb-image__figure\"><a class=\"\" href=\"https:\/\/postgrado.eco.una.py\/?page_id=3551\" target=\"_blank\" rel=\"noreferrer noopener\"><img decoding=\"async\" srcset=\"https:\/\/postgrado.eco.una.py\/wp-content\/uploads\/2024\/09\/DIPLOMADO-EN-GESTION-IMPOSITIVA.png ,https:\/\/postgrado.eco.una.py\/wp-content\/uploads\/2024\/09\/DIPLOMADO-EN-GESTION-IMPOSITIVA.png 780w, https:\/\/postgrado.eco.una.py\/wp-content\/uploads\/2024\/09\/DIPLOMADO-EN-GESTION-IMPOSITIVA.png 360w\" sizes=\"auto, (max-width: 480px) 150px\" src=\"https:\/\/postgrado.eco.una.py\/wp-content\/uploads\/2024\/09\/DIPLOMADO-EN-GESTION-IMPOSITIVA.png\" alt=\"\" class=\"uag-image-2612\" width=\"300\" height=\"150\" title=\"DIPLOMADO EN GESTI\u00d3N IMPOSITIVA\" loading=\"lazy\" role=\"img\"\/><\/a><\/figure><\/div>\n\n\n\n<div class=\"wp-block-uagb-image uagb-block-3f350e70 wp-block-uagb-image--layout-default wp-block-uagb-image--effect-zoomin wp-block-uagb-image--align-none\"><figure class=\"wp-block-uagb-image__figure\"><a class=\"\" href=\"https:\/\/postgrado.eco.una.py\/?page_id=3558\" target=\"_blank\" rel=\"noreferrer noopener\"><img decoding=\"async\" srcset=\"https:\/\/postgrado.eco.una.py\/wp-content\/uploads\/2024\/09\/DIPLOMADO-EN-HABILIDADES-GERENCIALES.png ,https:\/\/postgrado.eco.una.py\/wp-content\/uploads\/2024\/09\/DIPLOMADO-EN-HABILIDADES-GERENCIALES.png 780w, https:\/\/postgrado.eco.una.py\/wp-content\/uploads\/2024\/09\/DIPLOMADO-EN-HABILIDADES-GERENCIALES.png 360w\" sizes=\"auto, (max-width: 480px) 150px\" src=\"https:\/\/postgrado.eco.una.py\/wp-content\/uploads\/2024\/09\/DIPLOMADO-EN-HABILIDADES-GERENCIALES.png\" alt=\"\" class=\"uag-image-2613\" width=\"300\" height=\"150\" title=\"DIPLOMADO EN HABILIDADES GERENCIALES\" loading=\"lazy\" role=\"img\"\/><\/a><\/figure><\/div>\n<\/div>\n\n\n\n<div class=\"wp-block-group is-nowrap is-layout-flex wp-container-core-group-is-layout-3 wp-block-group-is-layout-flex\">\n<div class=\"wp-block-uagb-image uagb-block-209b8f77 wp-block-uagb-image--layout-default wp-block-uagb-image--effect-zoomin wp-block-uagb-image--align-none\"><figure class=\"wp-block-uagb-image__figure\"><a class=\"\" href=\"https:\/\/postgrado.eco.una.py\/?page_id=3566\" target=\"_blank\" rel=\"noreferrer noopener\"><img decoding=\"async\" srcset=\"https:\/\/postgrado.eco.una.py\/wp-content\/uploads\/2024\/09\/GESTION-ESTRATEGICA-DE-PERSONAS-EN-EL-SECTOR-PUBLICO.png ,https:\/\/postgrado.eco.una.py\/wp-content\/uploads\/2024\/09\/GESTION-ESTRATEGICA-DE-PERSONAS-EN-EL-SECTOR-PUBLICO.png 780w, https:\/\/postgrado.eco.una.py\/wp-content\/uploads\/2024\/09\/GESTION-ESTRATEGICA-DE-PERSONAS-EN-EL-SECTOR-PUBLICO.png 360w\" sizes=\"auto, (max-width: 480px) 150px\" src=\"https:\/\/postgrado.eco.una.py\/wp-content\/uploads\/2024\/09\/GESTION-ESTRATEGICA-DE-PERSONAS-EN-EL-SECTOR-PUBLICO.png\" alt=\"\" class=\"uag-image-2615\" width=\"300\" height=\"150\" title=\"GESTI\u00d3N ESTRAT\u00c9GICA DE PERSONAS EN EL SECTOR P\u00daBLICO\" loading=\"lazy\" role=\"img\"\/><\/a><\/figure><\/div>\n\n\n\n<div class=\"wp-block-uagb-image uagb-block-8387d5ac wp-block-uagb-image--layout-default wp-block-uagb-image--effect-zoomin wp-block-uagb-image--align-none\"><figure class=\"wp-block-uagb-image__figure\"><a class=\"\" href=\"https:\/\/postgrado.eco.una.py\/?page_id=3579\" target=\"_blank\" rel=\"noreferrer noopener\"><img decoding=\"async\" srcset=\"https:\/\/postgrado.eco.una.py\/wp-content\/uploads\/2024\/09\/CONTRATACIONES-PUBLICAS.png ,https:\/\/postgrado.eco.una.py\/wp-content\/uploads\/2024\/09\/CONTRATACIONES-PUBLICAS.png 780w, https:\/\/postgrado.eco.una.py\/wp-content\/uploads\/2024\/09\/CONTRATACIONES-PUBLICAS.png 360w\" sizes=\"auto, (max-width: 480px) 150px\" src=\"https:\/\/postgrado.eco.una.py\/wp-content\/uploads\/2024\/09\/CONTRATACIONES-PUBLICAS.png\" alt=\"\" class=\"uag-image-2611\" width=\"300\" height=\"150\" title=\"GESTION DE SUMINISTROS Y CONTRATACIONES P\u00daBLICAS\" loading=\"lazy\" role=\"img\"\/><\/a><\/figure><\/div>\n<\/div>\n\n\n\n<div class=\"wp-block-group is-nowrap is-layout-flex wp-container-core-group-is-layout-4 wp-block-group-is-layout-flex\">\n<div class=\"wp-block-uagb-image uagb-block-d0d63caf wp-block-uagb-image--layout-default wp-block-uagb-image--effect-zoomin wp-block-uagb-image--align-none\"><figure class=\"wp-block-uagb-image__figure\"><a class=\"\" href=\"https:\/\/postgrado.eco.una.py\/?page_id=4128\" target=\"_blank\" rel=\"noreferrer noopener\"><img decoding=\"async\" srcset=\"https:\/\/postgrado.eco.una.py\/wp-content\/uploads\/2025\/04\/DIPLOMADO-EN-gestion-por-proceso.png ,https:\/\/postgrado.eco.una.py\/wp-content\/uploads\/2025\/04\/DIPLOMADO-EN-gestion-por-proceso.png 780w, https:\/\/postgrado.eco.una.py\/wp-content\/uploads\/2025\/04\/DIPLOMADO-EN-gestion-por-proceso.png 360w\" sizes=\"auto, (max-width: 480px) 150px\" src=\"https:\/\/postgrado.eco.una.py\/wp-content\/uploads\/2025\/04\/DIPLOMADO-EN-gestion-por-proceso.png\" alt=\"\" class=\"uag-image-4115\" width=\"283\" height=\"154\" title=\"DIPLOMADO EN GESTION POR PROCESOS\" loading=\"lazy\" role=\"img\"\/><\/a><\/figure><\/div>\n<\/div>\n<\/div>\n<\/div>\n<\/div><\/div>\n\n\n\n<p><\/p>\n","protected":false},"excerpt":{"rendered":"<p>DIPLOMADOS<\/p>\n","protected":false},"author":1,"featured_media":0,"parent":0,"menu_order":0,"comment_status":"closed","ping_status":"closed","template":"","meta":{"_uag_custom_page_level_css":"","site-sidebar-layout":"default","site-content-layout":"","ast-site-content-layout":"default","site-content-style":"default","site-sidebar-style":"default","ast-global-header-display":"","ast-banner-title-visibility":"","ast-main-header-display":"","ast-hfb-above-header-display":"","ast-hfb-below-header-display":"","ast-hfb-mobile-header-display":"","site-post-title":"disabled","ast-breadcrumbs-content":"","ast-featured-img":"","footer-sml-layout":"","theme-transparent-header-meta":"","adv-header-id-meta":"","stick-header-meta":"","header-above-stick-meta":"","header-main-stick-meta":"","header-below-stick-meta":"","astra-migrate-meta-layouts":"set","ast-page-background-enabled":"default","ast-page-background-meta":{"desktop":{"background-color":"","background-image":"","background-repeat":"repeat","background-position":"center center","background-size":"auto","background-attachment":"scroll","background-type":"","background-media":"","overlay-type":"","overlay-color":"","overlay-opacity":"","overlay-gradient":""},"tablet":{"background-color":"","background-image":"","background-repeat":"repeat","background-position":"center center","background-size":"auto","background-attachment":"scroll","background-type":"","background-media":"","overlay-type":"","overlay-color":"","overlay-opacity":"","overlay-gradient":""},"mobile":{"background-color":"","background-image":"","background-repeat":"repeat","background-position":"center center","background-size":"auto","background-attachment":"scroll","background-type":"","background-media":"","overlay-type":"","overlay-color":"","overlay-opacity":"","overlay-gradient":""}},"ast-content-background-meta":{"desktop":{"background-color":"var(--ast-global-color-5)","background-image":"","background-repeat":"repeat","background-position":"center center","background-size":"auto","background-attachment":"scroll","background-type":"","background-media":"","overlay-type":"","overlay-color":"","overlay-opacity":"","overlay-gradient":""},"tablet":{"background-color":"var(--ast-global-color-5)","background-image":"","background-repeat":"repeat","background-position":"center center","background-size":"auto","background-attachment":"scroll","background-type":"","background-media":"","overlay-type":"","overlay-color":"","overlay-opacity":"","overlay-gradient":""},"mobile":{"background-color":"var(--ast-global-color-5)","background-image":"","background-repeat":"repeat","background-position":"center center","background-size":"auto","background-attachment":"scroll","background-type":"","background-media":"","overlay-type":"","overlay-color":"","overlay-opacity":"","overlay-gradient":""}},"footnotes":""},"class_list":["post-2026","page","type-page","status-publish","hentry"],"uagb_featured_image_src":{"full":false,"thumbnail":false,"medium":false,"medium_large":false,"large":false,"1536x1536":false,"2048x2048":false},"uagb_author_info":{"display_name":"arecalde","author_link":"https:\/\/postgrado.eco.una.py\/?author=1"},"uagb_comment_info":0,"uagb_excerpt":"DIPLOMADOS","_links":{"self":[{"href":"https:\/\/postgrado.eco.una.py\/index.php?rest_route=\/wp\/v2\/pages\/2026","targetHints":{"allow":["GET"]}}],"collection":[{"href":"https:\/\/postgrado.eco.una.py\/index.php?rest_route=\/wp\/v2\/pages"}],"about":[{"href":"https:\/\/postgrado.eco.una.py\/index.php?rest_route=\/wp\/v2\/types\/page"}],"author":[{"embeddable":true,"href":"https:\/\/postgrado.eco.una.py\/index.php?rest_route=\/wp\/v2\/users\/1"}],"replies":[{"embeddable":true,"href":"https:\/\/postgrado.eco.una.py\/index.php?rest_route=%2Fwp%2Fv2%2Fcomments&post=2026"}],"version-history":[{"count":48,"href":"https:\/\/postgrado.eco.una.py\/index.php?rest_route=\/wp\/v2\/pages\/2026\/revisions"}],"predecessor-version":[{"id":4144,"href":"https:\/\/postgrado.eco.una.py\/index.php?rest_route=\/wp\/v2\/pages\/2026\/revisions\/4144"}],"wp:attachment":[{"href":"https:\/\/postgrado.eco.una.py\/index.php?rest_route=%2Fwp%2Fv2%2Fmedia&parent=2026"}],"curies":[{"name":"wp","href":"https:\/\/api.w.org\/{rel}","templated":true}]}}